{"id":238,"date":"2022-10-27T12:24:57","date_gmt":"2022-10-27T12:24:57","guid":{"rendered":"https:\/\/jal-voyages.com\/?page_id=238"},"modified":"2023-07-31T18:59:49","modified_gmt":"2023-07-31T21:59:49","slug":"marais-de-kaw","status":"publish","type":"page","link":"https:\/\/jal-voyages.com\/index.php\/marais-de-kaw\/","title":{"rendered":"Marais de Kaw"},"content":{"rendered":"<div data-colibri-id=\"238-c1\" class=\"style-265 style-local-238-c1 position-relative\">\n  <!---->\n  <div data-colibri-component=\"section\" data-colibri-id=\"238-c2\" id=\"initial-content\" class=\"h-section h-section-global-spacing d-flex align-items-lg-center align-items-md-center align-items-center style-266 style-local-238-c2 position-relative\">\n    <!---->\n    <!---->\n    <div class=\"h-section-grid-container h-section-boxed-container\">\n      <!---->\n      <div data-colibri-id=\"238-c14\" class=\"h-row-container gutters-row-lg-2 gutters-row-md-2 gutters-row-0 gutters-row-v-lg-2 gutters-row-v-md-2 gutters-row-v-2 style-295 style-local-238-c14 position-relative\">\n        <!---->\n        <div class=\"h-row justify-content-lg-center justify-content-md-center justify-content-center align-items-lg-stretch align-items-md-stretch align-items-stretch gutters-col-lg-2 gutters-col-md-2 gutters-col-0 gutters-col-v-lg-2 gutters-col-v-md-2 gutters-col-v-2\">\n          <!---->\n          <div class=\"h-column h-column-container d-flex h-col-lg-auto h-col-md-auto h-col-auto style-296-outer style-local-238-c15-outer\">\n            <div data-colibri-id=\"238-c15\" class=\"d-flex h-flex-basis h-column__inner h-px-lg-2 h-px-md-2 h-px-2 v-inner-lg-2 v-inner-md-2 v-inner-2 style-296 style-local-238-c15 position-relative\">\n              <!---->\n              <!---->\n              <div class=\"w-100 h-y-container h-column__content h-column__v-align flex-basis-100 align-self-lg-start align-self-md-start align-self-start\">\n                <!---->\n                <div data-colibri-id=\"238-c17\" class=\"h-global-transition-all h-heading style-298 style-local-238-c17 position-relative h-element\">\n                  <!---->\n                  <div class=\"h-heading__outer style-298 style-local-238-c17\">\n                    <!---->\n                    <!---->\n                    <h3 class=\"\">Pour les amoureux de la nature, une d\u00e9couverte inoubliable.<\/h3>\n                  <\/div>\n                <\/div>\n                <div data-colibri-id=\"238-c16\" class=\"h-text h-text-component style-297 style-local-238-c16 position-relative h-element\">\n                  <!---->\n                  <!---->\n                  <div class=\"\">\n                    <p>Balade de jour comme de nuit en pirogue sur les marias, observation d&rsquo;une multitude d&rsquo;oiseaux (h\u00e9rons coco\u00efs, grandes aigrettes blanches, jacanas&#8230;)\n                      <br>\n                      <br>A 80 kms de Cayenne par la tr\u00e8s belle route des collines de KAW, <strong style=\"font-size: 16px; font-family: &quot;Open Sans&quot;; color: rgb(70, 112, 127);\">l\u2019Ecolodge Ca\u00efman&nbsp;<\/strong>offre une immersion au c\u0153ur de la R\u00e9serve\n                      Naturelle des Marais de Kaw.\n                      <br>\n                    <\/p>\n                  <\/div>\n                <\/div>\n                <div data-colibri-id=\"238-c107\" class=\"h-divider style-373 style-local-238-c107 position-relative h-element\">\n                  <!----><span class=\"h-divider__line style-373-line style-local-238-c107-line style-373-line style-local-238-c107-line\"><\/span> <span class=\"h-svg-icon h-divider__icon style-373-icon style-local-238-c107-icon\"><!--Icon by Font Awesome (https:\/\/fontawesome.com)-->\n    <svg version=\"1.1\" xmlns=\"http:\/\/www.w3.org\/2000\/svg\" xmlns:xlink=\"http:\/\/www.w3.org\/1999\/xlink\" id=\"star\" viewBox=\"0 0 1664 1896.0833\">\n      <path d=\"M1664 647q0 22-26 48l-363 354 86 500q1 7 1 20 0 21-10.5 35.5T1321 1619q-19 0-40-12l-449-236-449 236q-22 12-40 12-21 0-31.5-14.5T301 1569q0-6 2-20l86-500L25 695Q0 668 0 647q0-37 56-46l502-73L783 73q19-41 49-41t49 41l225 455 502 73q56 9 56 46z\"><\/path>\n    <\/svg><\/span> <span class=\"h-divider__line style-373-line style-local-238-c107-line style-373-line style-local-238-c107-line\"><\/span><\/div>\n              <\/div>\n            <\/div>\n          <\/div>\n        <\/div>\n      <\/div>\n      <div data-colibri-id=\"238-c39\" class=\"h-row-container gutters-row-lg-2 gutters-row-md-2 gutters-row-0 gutters-row-v-lg-2 gutters-row-v-md-2 gutters-row-v-2 style-320 style-local-238-c39 position-relative\">\n        <!---->\n        <div class=\"h-row justify-content-lg-center justify-content-md-center justify-content-center align-items-lg-stretch align-items-md-stretch align-items-stretch gutters-col-lg-2 gutters-col-md-2 gutters-col-0 gutters-col-v-lg-2 gutters-col-v-md-2 gutters-col-v-2\">\n          <!---->\n          <div class=\"h-column h-column-container d-flex h-col-lg-auto h-col-md-auto h-col-auto style-322-outer style-local-238-c41-outer\">\n            <div data-colibri-id=\"238-c41\" class=\"d-flex h-flex-basis h-column__inner h-px-lg-2 h-px-md-2 h-px-2 v-inner-lg-2 v-inner-md-2 v-inner-2 style-322 style-local-238-c41 position-relative\">\n              <!---->\n              <!---->\n              <div class=\"w-100 h-y-container h-column__content h-column__v-align flex-basis-100 align-self-lg-start align-self-md-start align-self-start\">\n                <!---->\n                <div data-colibri-id=\"238-c42\" class=\"h-global-transition-all h-heading style-323 style-local-238-c42 position-relative h-element\">\n                  <!---->\n                  <div class=\"h-heading__outer style-323 style-local-238-c42\">\n                    <!---->\n                    <!---->\n                    <h3 class=\"\">Formules et Activit\u00e9s<\/h3>\n                  <\/div>\n                <\/div>\n              <\/div>\n            <\/div>\n          <\/div>\n        <\/div>\n      <\/div>\n      <div data-colibri-id=\"238-c33\" class=\"h-row-container gutters-row-lg-2 gutters-row-md-2 gutters-row-0 gutters-row-v-lg-2 gutters-row-v-md-2 gutters-row-v-2 style-315 style-local-238-c33 position-relative\">\n        <!---->\n        <div class=\"h-row justify-content-lg-center justify-content-md-center justify-content-center align-items-lg-stretch align-items-md-stretch align-items-stretch gutters-col-lg-2 gutters-col-md-2 gutters-col-0 gutters-col-v-lg-2 gutters-col-v-md-2 gutters-col-v-2\">\n          <!---->\n          <div class=\"h-column h-column-container d-flex h-col-lg-auto h-col-md-auto h-col-auto style-316-outer style-local-238-c34-outer\">\n            <div data-colibri-id=\"238-c34\" class=\"d-flex h-flex-basis h-column__inner h-px-lg-2 h-px-md-2 h-px-2 v-inner-lg-2 v-inner-md-2 v-inner-2 style-316 style-local-238-c34 position-relative\">\n              <!---->\n              <!---->\n              <div class=\"w-100 h-y-container h-column__content h-column__v-align flex-basis-100 align-self-lg-start align-self-md-start align-self-start\">\n                <!---->\n                <div data-colibri-id=\"238-c35\" class=\"icon-list d-flex justify-content-lg-center justify-content-md-center justify-content-center style-314 style-local-238-c35 position-relative h-element\">\n                  <!---->\n                  <ul class=\"ul-list-icon vertical-on-desktop vertical-on-tablet vertical-on-mobile justify-content-lg-center justify-content-md-center justify-content-center\">\n                    <!---->\n                    <li class=\"list-item no-gutters\">\n                      <!---->\n                      <div class=\"list-container-divider d-flex justify-content-lg-center justify-content-md-center justify-content-center first-el-spacer\"><\/div> <span class=\"item-link no-gutters\"><div class=\"d-flex h-col no-gutters align-items-lg-start align-items-md-start align-items-start list-item-text-wrapper\"><div class=\"d-flex\"><span  class=\"h-svg-icon style-314-icon style-local-238-c35-icon\"><!--Icon by Font Awesome (https:\/\/fontawesome.com)-->\n    <svg version=\"1.1\" xmlns=\"http:\/\/www.w3.org\/2000\/svg\" xmlns:xlink=\"http:\/\/www.w3.org\/1999\/xlink\" id=\"check\" viewBox=\"0 0 1792 1896.0833\">\n      <path d=\"M1671 566q0 40-28 68l-724 724-136 136q-28 28-68 28t-68-28l-136-136-362-362q-28-28-28-68t28-68l136-136q28-28 68-28t68 28l294 295 656-657q28-28 68-28t68 28l136 136q28 28 28 68z\"><\/path>\n    <\/svg><\/span><\/div> <span class=\"list-text d-block\"><span>KAW JOUR (KJ) : La sortie Journ\u00e9e (10h-17h) est \u00e0 85\u20ac\/adulte, 65\u20ac\/adolescent (13 \u00e0 17 ans), 43\u20ac\/enfant (3 \u00e0 12 ans). Gratuit pour les b\u00e9b\u00e9s de 0 \u00e0 2 ans<br>Cela comprend : Les balades guid\u00e9es dans le Marais (du d\u00e9barcad\u00e8re au lodge et la balade sur la Crique Wapou), le d\u00e9jeuner (boissons incluses).<\/span><\/span>\n              <\/div>\n              <\/span>\n              <div class=\"list-container-divider d-flex justify-content-lg-center justify-content-md-center justify-content-center\">\n                <!---->\n              <\/div>\n              <\/li>\n              <li class=\"list-item no-gutters\">\n                <!---->\n                <!----><span class=\"item-link no-gutters\"><div class=\"d-flex h-col no-gutters align-items-lg-start align-items-md-start align-items-start list-item-text-wrapper\"><div class=\"d-flex\"><span  class=\"h-svg-icon style-314-icon style-local-238-c35-icon\"><!--Icon by Font Awesome (https:\/\/fontawesome.com)-->\n    <svg version=\"1.1\" xmlns=\"http:\/\/www.w3.org\/2000\/svg\" xmlns:xlink=\"http:\/\/www.w3.org\/1999\/xlink\" id=\"check\" viewBox=\"0 0 1792 1896.0833\">\n      <path d=\"M1671 566q0 40-28 68l-724 724-136 136q-28 28-68 28t-68-28l-136-136-362-362q-28-28-28-68t28-68l136-136q28-28 68-28t68 28l294 295 656-657q28-28 68-28t68 28l136 136q28 28 28 68z\"><\/path>\n    <\/svg><\/span><\/div> <span class=\"list-text d-block\"><span>KAW JOUR + NUIT (KJKN) ou KAW NUIT + JOUR (KNKJ) : La sortie Jour+Nuit (10h-9h le lendemain) ou Nuit+Jour (17h-16h le lendemain) sont \u00e0 189\u20ac\/adulte, 129\u20ac\/adolescent (13 \u00e0 17 ans), 95\u20ac\/enfant (3 \u00e0 12 ans). Gratuit pour les b\u00e9b\u00e9s de 0 \u00e0 2 ans.<br>Cela comprend : Les balades guid\u00e9es dans le Marais (du d\u00e9barcad\u00e8re au lodge, la balade nocturne \u00e0 la recherche des ca\u00efmans, la balade sur la Crique Wapou), le d\u00e9jeuner et le d\u00eener (boissons incluses), le petit-d\u00e9jeuner du lendemain, l\u2019h\u00e9bergement en lit ou en hamac dans l\u2019espace commun.<\/span><\/span>\n          <\/div>\n          <\/span>\n          <div class=\"list-container-divider d-flex justify-content-lg-center justify-content-md-center justify-content-center\">\n            <!---->\n          <\/div>\n          <\/li>\n          <li class=\"list-item no-gutters\">\n            <!---->\n            <!----><span class=\"item-link no-gutters\"><div class=\"d-flex h-col no-gutters align-items-lg-start align-items-md-start align-items-start list-item-text-wrapper\"><div class=\"d-flex\"><span  class=\"h-svg-icon style-314-icon style-local-238-c35-icon\"><!--Icon by Font Awesome (https:\/\/fontawesome.com)-->\n    <svg version=\"1.1\" xmlns=\"http:\/\/www.w3.org\/2000\/svg\" xmlns:xlink=\"http:\/\/www.w3.org\/1999\/xlink\" id=\"check\" viewBox=\"0 0 1792 1896.0833\">\n      <path d=\"M1671 566q0 40-28 68l-724 724-136 136q-28 28-68 28t-68-28l-136-136-362-362q-28-28-28-68t28-68l136-136q28-28 68-28t68 28l294 295 656-657q28-28 68-28t68 28l136 136q28 28 28 68z\"><\/path>\n    <\/svg><\/span><\/div> <span class=\"list-text d-block\"><span>KAW NUIT (KN) : La sortie Nuit (17h-9h le lendemain) est \u00e0 115\u20ac\/adulte, 80\u20ac\/adolescent (13 \u00e0 17 ans), 58\u20ac\/enfant (3 \u00e0 12 ans). Gratuit pour les b\u00e9b\u00e9s de 0 \u00e0 2 ans.<br>Cela comprend : Les balades guid\u00e9es dans le Marais (du d\u00e9barcad\u00e8re au lodge, la balade nocturne \u00e0 la recherche des ca\u00efmans), le d\u00eener (boissons incluses), le petit-d\u00e9jeuner du lendemain, l\u2019h\u00e9bergement en lit ou en hamac dans l\u2019espace commun.<\/span><\/span>\n      <\/div>\n      <\/span>\n      <div class=\"list-container-divider d-flex justify-content-lg-center justify-content-md-center justify-content-center\" style=\"display: none;\">\n        <!---->\n      <\/div>\n      <div class=\"list-container-divider d-flex justify-content-lg-center justify-content-md-center justify-content-center last-el-spacer\"><\/div>\n      <\/li>\n      <\/ul>\n    <\/div>\n  <\/div>\n<\/div>\n<\/div>\n<\/div>\n<\/div>\n<div data-colibri-id=\"238-c94\" class=\"h-row-container gutters-row-lg-2 gutters-row-md-2 gutters-row-0 gutters-row-v-lg-2 gutters-row-v-md-2 gutters-row-v-2 style-357 style-local-238-c94 position-relative\">\n  <!---->\n  <div class=\"h-row justify-content-lg-center justify-content-md-center justify-content-center align-items-lg-stretch align-items-md-stretch align-items-stretch gutters-col-lg-2 gutters-col-md-2 gutters-col-0 gutters-col-v-lg-2 gutters-col-v-md-2 gutters-col-v-2\">\n    <!---->\n    <div class=\"h-column h-column-container d-flex h-col-lg-auto h-col-md-auto h-col-auto style-358-outer style-local-238-c95-outer\">\n      <div data-colibri-id=\"238-c95\" class=\"d-flex h-flex-basis h-column__inner h-px-lg-2 h-px-md-2 h-px-2 v-inner-lg-2 v-inner-md-2 v-inner-2 style-358 style-local-238-c95 position-relative\">\n        <!---->\n        <!---->\n        <div class=\"w-100 h-y-container h-column__content h-column__v-align flex-basis-100 align-self-lg-start align-self-md-start align-self-start\">\n          <!---->\n          <div data-colibri-id=\"238-c96\" class=\"h-lead h-text h-text-component style-359 style-local-238-c96 position-relative h-element\">\n            <!---->\n            <!---->\n            <div class=\"\">\n              <p><strong style=\"font-weight: 400; font-size: 16px; font-family: &quot;Open Sans&quot;; color: rgb(247, 144, 7);\"><em>Merci de nous communiquer lors de la r\u00e9servation vos choix de couchage (les lits et les hamacs dans l\u2019espace commun sont compris dans le tarif).<\/em><\/strong>\n                <span\n                  style=\"font-weight: 400; font-size: 16px; font-family: &quot;Open Sans&quot;; color: rgb(70, 112, 127);\">\n                  <br>\n                  <br>Nous avons \u00e9galement des chambres privatives avec suppl\u00e9ment par chambre.<\/span>\n                  <br><strong style=\"font-size: 16px; font-family: &quot;Open Sans&quot;; color: rgb(70, 112, 127);\">\u2013 Alc\u00f4ve-rivi\u00e8re:<\/strong><span style=\"font-size: 16px; font-family: &quot;Open Sans&quot;; color: rgb(70, 112, 127); font-weight: 400;\">&nbsp;suppl\u00e9ment de 49\u20ac\/nuit , qui peut accueillir jusqu\u2019\u00e0 3 personnes. (Lit superpos\u00e9 \u2013 un lit double en bas et un lit simple en haut)<\/span>\n                  <br><strong style=\"font-size: 16px; font-family: &quot;Open Sans&quot;; color: rgb(70, 112, 127);\">\u2013 Cabine double:<\/strong><span style=\"font-size: 16px; font-family: &quot;Open Sans&quot;; color: rgb(70, 112, 127); font-weight: 400;\">&nbsp;suppl\u00e9ment de 79\u20ac\/nuit qui peut accueillir jusqu\u2019\u00e0 2 personnes. (Lit double \u2013 vue rivi\u00e8re)<\/span>\n                  <br><strong style=\"font-size: 16px; font-family: &quot;Open Sans&quot;; color: rgb(70, 112, 127);\">\u2013 Cabine triple:<\/strong><span style=\"font-size: 16px; font-family: &quot;Open Sans&quot;; color: rgb(70, 112, 127); font-weight: 400;\">&nbsp;suppl\u00e9ment de 79\u20ac\/nuit qui peut accueillir jusqu\u2019\u00e0 3 personnes. (Lit double + lit simple \u2013 vue for\u00eat)<\/span>\n                  <br><strong style=\"font-size: 16px; font-family: &quot;Open Sans&quot;; color: rgb(70, 112, 127);\">\u2013 Suite Familiale:&nbsp;<\/strong><span style=\"font-size: 16px; font-family: &quot;Open Sans&quot;; color: rgb(70, 112, 127); font-weight: 400;\">suppl\u00e9ment de 178\u20ac\/nuit qui peut accueillir jusqu\u2019\u00e0 6 personnes. (2 lits doubles + 1 lit simple + 1 hamac)&nbsp;<\/span><\/p>\n            <\/div>\n          <\/div>\n          <div data-colibri-id=\"238-c97\" class=\"h-divider style-361 style-local-238-c97 position-relative h-element\">\n            <!----><span class=\"h-divider__line style-361-line style-local-238-c97-line style-361-line style-local-238-c97-line\"><\/span> <span class=\"h-svg-icon h-divider__icon style-361-icon style-local-238-c97-icon\"><!--Icon by Font Awesome (https:\/\/fontawesome.com)-->\n    <svg version=\"1.1\" xmlns=\"http:\/\/www.w3.org\/2000\/svg\" xmlns:xlink=\"http:\/\/www.w3.org\/1999\/xlink\" id=\"star\" viewBox=\"0 0 1664 1896.0833\">\n      <path d=\"M1664 647q0 22-26 48l-363 354 86 500q1 7 1 20 0 21-10.5 35.5T1321 1619q-19 0-40-12l-449-236-449 236q-22 12-40 12-21 0-31.5-14.5T301 1569q0-6 2-20l86-500L25 695Q0 668 0 647q0-37 56-46l502-73L783 73q19-41 49-41t49 41l225 455 502 73q56 9 56 46z\"><\/path>\n    <\/svg><\/span> <span class=\"h-divider__line style-361-line style-local-238-c97-line style-361-line style-local-238-c97-line\"><\/span><\/div>\n        <\/div>\n      <\/div>\n    <\/div>\n  <\/div>\n<\/div>\n<div data-colibri-id=\"238-c98\" class=\"h-row-container gutters-row-lg-2 gutters-row-md-2 gutters-row-0 gutters-row-v-lg-2 gutters-row-v-md-2 gutters-row-v-2 style-362 style-local-238-c98 position-relative\">\n  <!---->\n  <div class=\"h-row justify-content-lg-center justify-content-md-center justify-content-center align-items-lg-stretch align-items-md-stretch align-items-stretch gutters-col-lg-2 gutters-col-md-2 gutters-col-0 gutters-col-v-lg-2 gutters-col-v-md-2 gutters-col-v-2\">\n    <!---->\n    <div class=\"h-column h-column-container d-flex h-col-lg-auto h-col-md-auto h-col-auto style-363-outer style-local-238-c99-outer\">\n      <div data-colibri-id=\"238-c99\" class=\"d-flex h-flex-basis h-column__inner h-px-lg-2 h-px-md-2 h-px-2 v-inner-lg-2 v-inner-md-2 v-inner-2 style-363 style-local-238-c99 position-relative\">\n        <!---->\n        <!---->\n        <div class=\"w-100 h-y-container h-column__content h-column__v-align flex-basis-100 align-self-lg-start align-self-md-start align-self-start\">\n          <!---->\n          <div data-colibri-id=\"238-c100\" class=\"h-global-transition-all h-heading style-364 style-local-238-c100 position-relative h-element\">\n            <!---->\n            <div class=\"h-heading__outer style-364 style-local-238-c100\">\n              <!---->\n              <!---->\n              <h3 class=\"\">N\u00e9cessaire \u00e0 emporter<\/h3>\n            <\/div>\n          <\/div>\n        <\/div>\n      <\/div>\n    <\/div>\n  <\/div>\n<\/div>\n<div data-colibri-id=\"238-c101\" class=\"h-row-container gutters-row-lg-2 gutters-row-md-2 gutters-row-0 gutters-row-v-lg-2 gutters-row-v-md-2 gutters-row-v-2 style-365 style-local-238-c101 position-relative\">\n  <!---->\n  <div class=\"h-row justify-content-lg-center justify-content-md-center justify-content-center align-items-lg-stretch align-items-md-stretch align-items-stretch gutters-col-lg-2 gutters-col-md-2 gutters-col-0 gutters-col-v-lg-2 gutters-col-v-md-2 gutters-col-v-2\">\n    <!---->\n    <div class=\"h-column h-column-container d-flex h-col-lg-auto h-col-md-auto h-col-auto style-366-outer style-local-238-c102-outer\">\n      <div data-colibri-id=\"238-c102\" class=\"d-flex h-flex-basis h-column__inner h-px-lg-2 h-px-md-2 h-px-2 v-inner-lg-2 v-inner-md-2 v-inner-2 style-366 style-local-238-c102 position-relative\">\n        <!---->\n        <!---->\n        <div class=\"w-100 h-y-container h-column__content h-column__v-align flex-basis-100 align-self-lg-start align-self-md-start align-self-start\">\n          <!---->\n          <div data-colibri-id=\"238-c103\" class=\"h-text h-text-component style-367 style-local-238-c103 position-relative h-element\">\n            <!---->\n            <!---->\n            <div class=\"\">\n              <ul>\n                <li>Shorts, tee-shirts, bermudas, de pr\u00e9f\u00e9rence en coton.<\/li>\n                <li>Imperm\u00e9able ou poncho.<\/li>\n                <li>Casquette, chapeau, cr\u00e8me solaire, lunettes de soleil, affaires de toilette,<\/li>\n                <li>serviette, maillot de bain, pharmacie personnelle.<\/li>\n                <li>Chaussures ne craignant pas l\u2019eau.<\/li>\n                <li>V\u00eatement sombre pour les sorties de nuit en pirogue.<\/li>\n                <li>Surv\u00eatement pour la nuit.<\/li>\n                <li>R\u00e9pulsif anti-moustiques, lampe de poche ou lampe frontale pour les sorties de nuit (non obligatoire)<\/li>\n                <li>Appareil photo, jumelles (emballage \u00e9tanche)&nbsp;<\/li>\n              <\/ul>\n              <p>\n                <br>\n              <\/p>\n            <\/div>\n          <\/div>\n        <\/div>\n      <\/div>\n    <\/div>\n  <\/div>\n<\/div>\n<div data-colibri-id=\"238-c6\" class=\"h-row-container gutters-row-lg-2 gutters-row-md-2 gutters-row-0 gutters-row-v-lg-2 gutters-row-v-md-2 gutters-row-v-2 style-273 style-local-238-c6 position-relative\">\n  <!---->\n  <div class=\"h-row justify-content-lg-center justify-content-md-center justify-content-center align-items-lg-stretch align-items-md-stretch align-items-stretch gutters-col-lg-2 gutters-col-md-2 gutters-col-0 gutters-col-v-lg-2 gutters-col-v-md-2 gutters-col-v-2\">\n    <!---->\n    <div class=\"h-column h-column-container d-flex h-col-lg-auto h-col-md-auto h-col-auto style-274-outer style-local-238-c7-outer\">\n      <div data-colibri-id=\"238-c7\" class=\"d-flex h-flex-basis h-column__inner h-px-lg-2 h-px-md-2 h-px-2 v-inner-lg-2 v-inner-md-2 v-inner-2 style-274 style-local-238-c7 position-relative\">\n        <!---->\n        <!---->\n        <div class=\"w-100 h-y-container h-column__content h-column__v-align flex-basis-100 align-self-lg-start align-self-md-start align-self-start\">\n          <!---->\n          <div data-colibri-id=\"238-c8\" class=\"d-block style-276 style-local-238-c8 position-relative h-element\">\n            <!---->\n            <div class=\"h-image__frame-container-outer\">\n              <div class=\"h-image__frame-container\">\n                <!---->\n                <!---->\n                <img loading=\"lazy\" decoding=\"async\" width=\"1649\" height=\"1089\" src=\"https:\/\/jal-voyages.com\/wp-content\/uploads\/2023\/05\/cropped-46932241_1629118673900049_2478152411319894016_n.jpg\" class=\"wp-image-383 style-276-image style-local-238-c8-image\" alt=\"\" srcset=\"https:\/\/jal-voyages.com\/wp-content\/uploads\/2023\/05\/cropped-46932241_1629118673900049_2478152411319894016_n.jpg 1649w, https:\/\/jal-voyages.com\/wp-content\/uploads\/2023\/05\/cropped-46932241_1629118673900049_2478152411319894016_n-300x198.jpg 300w, https:\/\/jal-voyages.com\/wp-content\/uploads\/2023\/05\/cropped-46932241_1629118673900049_2478152411319894016_n-1024x676.jpg 1024w, https:\/\/jal-voyages.com\/wp-content\/uploads\/2023\/05\/cropped-46932241_1629118673900049_2478152411319894016_n-768x507.jpg 768w, https:\/\/jal-voyages.com\/wp-content\/uploads\/2023\/05\/cropped-46932241_1629118673900049_2478152411319894016_n-1536x1014.jpg 1536w\" sizes=\"auto, (max-width: 1649px) 100vw, 1649px\" \/>\n                <div class=\"h-image__frame h-hide-lg h-hide-md h-hide-sm style-276-frameImage style-local-238-c8-frameImage\"><\/div>\n              <\/div>\n            <\/div>\n          <\/div>\n        <\/div>\n      <\/div>\n    <\/div>\n    <div class=\"h-column h-column-container d-flex h-col-lg-auto h-col-md-auto h-col-auto style-275-outer style-local-238-c9-outer\">\n      <div data-colibri-id=\"238-c9\" class=\"d-flex h-flex-basis h-column__inner h-px-lg-2 h-px-md-2 h-px-2 v-inner-lg-2 v-inner-md-2 v-inner-2 style-275 style-local-238-c9 position-relative\">\n        <!---->\n        <!---->\n        <div class=\"w-100 h-y-container h-column__content h-column__v-align flex-basis-100 align-self-lg-start align-self-md-start align-self-start\">\n          <!---->\n          <div data-colibri-id=\"238-c10\" class=\"d-block style-277 style-local-238-c10 position-relative h-element\">\n            <!---->\n            <div class=\"h-image__frame-container-outer\">\n              <div class=\"h-image__frame-container\">\n                <!---->\n                <!---->\n                <img loading=\"lazy\" decoding=\"async\" width=\"357\" height=\"357\" src=\"https:\/\/jal-voyages.com\/wp-content\/uploads\/2023\/05\/cropped-kawjour-1.png\" class=\"wp-image-396 style-277-image style-local-238-c10-image\" alt=\"\" srcset=\"https:\/\/jal-voyages.com\/wp-content\/uploads\/2023\/05\/cropped-kawjour-1.png 357w, https:\/\/jal-voyages.com\/wp-content\/uploads\/2023\/05\/cropped-kawjour-1-300x300.png 300w, https:\/\/jal-voyages.com\/wp-content\/uploads\/2023\/05\/cropped-kawjour-1-150x150.png 150w\" sizes=\"auto, (max-width: 357px) 100vw, 357px\" \/>\n                <div class=\"h-image__frame h-hide-lg h-hide-md h-hide-sm style-277-frameImage style-local-238-c10-frameImage\"><\/div>\n              <\/div>\n            <\/div>\n          <\/div>\n        <\/div>\n      <\/div>\n    <\/div>\n  <\/div>\n<\/div>\n<\/div>\n<\/div>\n<\/div>","protected":false},"excerpt":{"rendered":"<p>Pour les amoureux de la nature, une d\u00e9couverte inoubliable. Balade de jour comme de nuit en pirogue sur les marias, observation d&rsquo;une multitude d&rsquo;oiseaux (h\u00e9rons coco\u00efs, grandes aigrettes blanches, jacanas&#8230;) A 80 kms de Cayenne par la tr\u00e8s belle route des collines de KAW, l\u2019Ecolodge Ca\u00efman&nbsp;offre une immersion au c\u0153ur de la R\u00e9serve Naturelle des [&hellip;]<\/p>\n","protected":false},"author":1,"featured_media":0,"parent":0,"menu_order":0,"comment_status":"closed","ping_status":"closed","template":"page-templates\/full-width-page.php","meta":{"footnotes":""},"class_list":["post-238","page","type-page","status-publish","hentry"],"_links":{"self":[{"href":"https:\/\/jal-voyages.com\/index.php\/wp-json\/wp\/v2\/pages\/238","targetHints":{"allow":["GET"]}}],"collection":[{"href":"https:\/\/jal-voyages.com\/index.php\/wp-json\/wp\/v2\/pages"}],"about":[{"href":"https:\/\/jal-voyages.com\/index.php\/wp-json\/wp\/v2\/types\/page"}],"author":[{"embeddable":true,"href":"https:\/\/jal-voyages.com\/index.php\/wp-json\/wp\/v2\/users\/1"}],"replies":[{"embeddable":true,"href":"https:\/\/jal-voyages.com\/index.php\/wp-json\/wp\/v2\/comments?post=238"}],"version-history":[{"count":18,"href":"https:\/\/jal-voyages.com\/index.php\/wp-json\/wp\/v2\/pages\/238\/revisions"}],"predecessor-version":[{"id":472,"href":"https:\/\/jal-voyages.com\/index.php\/wp-json\/wp\/v2\/pages\/238\/revisions\/472"}],"wp:attachment":[{"href":"https:\/\/jal-voyages.com\/index.php\/wp-json\/wp\/v2\/media?parent=238"}],"curies":[{"name":"wp","href":"https:\/\/api.w.org\/{rel}","templated":true}]}}